8) composite?
True
Let r be (-28)/(-70) - (-16)/10. Let g(x) = -16*x**3 - x**2 + 10*x + 9. Let k be g(-6). Suppose k = r*v + 1247. Is v a composite number?
False
Let g be (-38)/(-8) + 18/72. Suppose -8*l + g*l + 3234 = 0. Suppose -q - 1340 = -5*a, -a - 2*q - l = -5*a. Is a a composite number?
True
Let r = -9 - -4. Let g(m) = -m**3 - 2*m**2 - 3*m + 7. Let q be g(r). Suppose 4 = -2*w, -5*c = -w - 0*w - q. Is c composite?
False
Suppose 6*g = -19*g + 531475. Is g a composite number?
True
Suppose -6*h + 4*h = 0. Suppose -4*b = 2*v - 0*b - 268, h = 5*v + 3*b - 663. Let z = v + -19. Is z prime?
True
Let l = 95 + 99. Suppose 4*w + y = 12, -w - 5*y - 1 = -4. Suppose w*b - b = l. Is b composite?
False
Let w(q) = 10*q**2 - 5*q - 5. Let y be w(-4). Suppose y + 63 = -x. Is x/(-7) + (-1 - 2) prime?
True
Suppose 2*u + 310 = 1180. Suppose -n - 4*x + 537 = 0, 0 = 5*n + 3*x - 3120 + u. Suppose -2*s = -5*t + n, -t + 3*s + 97 = -0*s. Is t a composite number?
False
Suppose 2*l = -0*l. Suppose -6*h + 1132 - 58 = l. Is h composite?
False
Let c(z) = -6*z + 27. Let b be c(4). Suppose -b*t = -t - 2174. Is t composite?
False
Suppose -9616 = 8*t - 10*t. Suppose t + 325 = 3*z. Is z a prime number?
False
Let v = 668 - 670. Let l = 3 + -28. Let g = v - l. Is g prime?
True
Let w be (-10)/3 - 3/(-9). Let h = 17 + w. Let g(d) = -d**3 + 14*d**2 + 14*d - 18. Is g(h) a prime number?
False
Is 3/(0 + (-9)/(-65253)) prime?
True
Let q(b) = -b**2 - 428. Let n be q(0). Let c = n + 1939. Is c a prime number?
True
Let b = -6047 - -14794. Is b composite?
False
Let o(c) = -622*c + 12. Let a be o(-11). Suppose 3*l + a = -1162. Is (-4)/(-28) - l/14 prime?
True
Suppose 4*m - 3*m = 5*f - 1508, 3*m + 4500 = 3*f. Let i = m + 2253. Is i a prime number?
False
Let y(t) = 4 + 9 + 0 + 0 + 49*t. Is y(6) a composite number?
False
Let r(d) = 3*d**2 + 2*d - 2. Let a be (60/70)/((-1)/(-14)). Let u be (-2)/(-3*(-4)/a). Is r(u) composite?
True
Let p be 1*(4 + 0/(-3)). Let d be 6/p - (-8316)/8. Suppose -d = -5*q + 4*x, -5*q = -5*x - 880 - 165. Is q a prime number?
False
Let n = 47 - 50. Is n/(-15) - (-21912)/15 a prime number?
False
Let j(h) = -9*h**3 + 2*h**2 - 7*h - 7. Let m = 17 + -22. Is j(m) a composite number?
True
Suppose -5*b - 304 = -1179. Let g = 699 + b. Let u = g - 321. Is u a prime number?
False
Is 30/(-45)*527241/(-22) prime?
False
Let t be -2*(2 + (-15)/10). Is -3 + (-4 - -52 - t) a prime number?
False
Suppose 4*a - 688 = -4*u - 0*a, 0 = 4*a - 4. Suppose -8*k = k - u. Is k a prime number?
True
Let g(c) = 18*c + 2. Let p(n) = 24*n + 7. Let z(r) = 23*r + 6. Let k(m) = -4*p(m) + 5*z(m). Let w(h) = 4*g(h) - 5*k(h). Is w(-1) a prime number?
False
Let u(b) = 15*b**2 + 30*b + 104. Is u(19) a prime number?
True
Let v(p) = 2*p + 4. Let h(a) = -5*a - 12. Let f(w) = -3*h(w) - 8*v(w). Let n be f(0). Suppose n*c + 30 - 250 = 0. Is c a composite number?
True
Let w be -1*(4 + -5 + -4). Suppose 5*t - 812 = -5*i + 2*t, i - w*t = 168. Is i prime?
True
Is -2 + (-29)/(-29) + (-4360)/(-2) a composite number?
False
Suppose 0 = -52*k + 232879 + 152493. Is k a prime number?
True
Let j = -1391 - -974. Is (j/4)/(3/(-8)) composite?
True
Suppose -28*s = 27*s - 3987445. Is s composite?
True
Suppose 95*a - 93*a = 66422. Is a prime?
True
Let g = 227 + -124. Let w = g - 14. Is w a composite number?
False
Let i = 36 + -36. Let n = i - -14. Is n composite?
True
Let y be ((-3)/(-2))/((-3)/18). Let h be (-12)/y*(-3)/(-2). Suppose 4*p - 112 = -2*r + 44, p - 29 = h*r. Is p a prime number?
True
Let s(l) = 17*l**3 - 4*l**2 - 3*l + 2. Let y be s(-3). Let o = y - -759. Let r = o - 118. Is r composite?
False
Let x = 4 - 2. Is 84/(-8)*-1*x prime?
False
Let q = 2759 + -1594. Let u = 1832 - q. Is u prime?
False
Let w be 0 - 16/12*-6. Let b be 217 + w + (4 - 1). Suppose 142 = 5*n - b. Is n a prime number?
False
Let n be (9 + -11)*1/(-2). Is ((-970)/(-40))/(n/4) a composite number?
False
Suppose -5*j + 0*j = 5*d - 15655, j = 0. Is d a composite number?
True
Let j(k) be the first derivative of 347*k**2/2 - 14*k - 31. Is j(3) composite?
True
Suppose 3*z = z + 8. Suppose -z*q + 37 = -5*w, 4*q = -3*w - 31 - 4. Let v(u) = 2*u**2 + 13*u + 2. Is v(w) a composite number?
False
Let b(w) = w**3 + 14*w**2 - 9*w - 13. Let s(v) = v**2 - 4*v - 23. Let t be s(6). Is b(t) prime?
True
Let v(d) = 299*d**2 - 15*d + 27. Is v(-8) a composite number?
True
Is (-213883)/(-76) + (-6)/(-8) composite?
True
Let q(c) be the third derivative of 0 + 7/24*c**4 - 2*c**3 - 2*c**2 + 0*c. Is q(5) composite?
False
Suppose -3*s + 47454 = 3*p, 12*s - 31637 = 10*s - 3*p. Is s prime?
True
Let u(v) = 32*v**2 + 37*v + 11. Is u(-6) composite?
False
Let f(q) = q**2 - 2*q - 40. Is f(-21) prime?
True
Let h = 9969 - 5458. Is h prime?
False
Let h = -5021 - -11722. Is h a prime number?
True
Suppose 0 = 7*x - 2*x + 50. Let b be (-4)/x*(-40)/(-16). Is (-59)/(1*(b - 2)) prime?
True
Suppose 0*a - 5*a = -3430. Let d(y) = y + 2. Let r be d(-2). Suppose r = 3*x - a - 307. Is x a composite number?
False
Suppose -64 - 61 = -5*w. Is ((-20)/w)/((-2)/635) composite?
True
Let p be 2/2*1 - 0. Let n be p/(-3) + (-320)/(-24). Let b = 27 - n. Is b prime?
False
Let x(s) = s**3 - 14*s**2 - 14*s - 21. Let f be x(15). Let c be ((-328)/f)/((-8)/(-48)). Suppose r = c + 771. Is r composite?
True
Suppose -3*n = g - 2*n - 8, -2*g + 2*n - 4 = 0. Suppose 0*r = -g*r + b + 1142, -4*r + b + 1523 = 0. Is r a prime number?
False
Let j(d) = 4*d**2 + 5*d + 22. Let u be j(-3). Let h = u + -32. Is h prime?
True
Let j be 2/(-12) + (-3)/(-18). Let c(v) = -v**2 + v + 95. Let n be c(j). Suppose 2*k + 21 - n = 0. Is k a prime number?
True
Let s = 8 - 3. Suppose s*l = -j + 715, j - l - 687 = l. Is j composite?
True
Let k be ((-21)/(-6))/1*(-36)/(-21). Is -4 - 417/k*-6 a prime number?
False
Suppose 317*z = 303*z + 1919134. Is z a composite number?
True
Let k be (-10)/15*60/(-8). Suppose -k*w + 35 = -140. Is w composite?
True
Suppose 4*x - 2*x = 0. Suppose 0 = -4*a - 16, a + 787 = 3*f - x*a. Let g = -38 + f. Is g composite?
False
Let z = -121 - -256. Let q be z - -3 - 2*1. Suppose -5*a + 134 + q = 5*c, 3*c + a = 172. Is c composite?
False
Suppose -j = -1 - 1. Suppose 0 = -j*i + w - 3 - 6, -4*i = 4*w. Let d(o) = -3*o**3 + o**2 + 3*o - 2. Is d(i) prime?
True
Let s = 16 - 13. Let w be 0 + (-316)/(-6)*s. Suppose 2*b + 0*b = w. Is b a prime number?
True
Let t = 722 - -401. Suppose 0*l + t = l. Is l a prime number?
True
Let y = -167 + -191. Let t = -96 - y. Is t composite?
True
Let c(x) = 22*x**2 + 4*x + 69. Is c(-5) a composite number?
False
Let i be 2 + -2 + 2 - -2. Suppose -4*n - 5*r + 3832 = 0, 5*r = i*n - 4563 + 731. Is n composite?
True
Let d(u) = 68*u + 5. Let t(c) = -23*c - 2. Let o(m) = -4*d(m) - 11*t(m). Let x be o(2). Is (-5588)/x + (-2)/9 a composite number?
True
Let k(t) = 70*t**2 + 33*t + 109. Is k(-20) a composite number?
False
Let c be 3/(-3*(-3)/6). Suppose c*d - 2083 = 199. Is d prime?
False
Suppose -6*a = -7*a + 5. Suppose 236 = -y - 4*f - 107, 0 = -a*y - 2*f - 1679. Let p = 536 + y. Is p prime?
False
Suppose -3*p - 5*k + 15661 = 0, -5*p + 2845 = -4*k - 23306. Is p composite?
False
Let t(w) = 7*w**2 + 2*w + 5. Let i be (-5 - -8)/((-3)/4). Let m be t(i). Suppose 2*l - 109 - m = 0. Is l composite?
False
Let x(i) = -i**3 + 7*i**2 - 6*i - 1. Let n be x(-6). Suppose -2247 - n = -5*h - p, 5*p + 576 = h. Is h prime?
False
Suppose 0 = -3*y + 3359 + 580. Suppose 5*x = 2*z + y, 3*x + 19 = 4*z + 804. Is x a composite number?
False
Let w(o) = 44*o**2 + 6*o + 13. Let s be w(-4). Suppose -5*n + 2183 - s = 0. Is n prime?
False
Let z(n) = -1. Let b(j) = -j**3 - 11*j**2 + 4*j + 4. Suppose 2 = -q + 1. Let y(o) = q*b(o) + 5*z(o). Is y(-10) prime?
True
Suppose 3*y + 136 - 2029 = 0. Is y prime?
True
Suppose 15 = a - 0*a + 3*z, 2*a - 2*z + 10 = 0. Suppose a = -2*s + 1 + 1. Is 4/4*3*s a prime number?
True
Let u = -29 + 47. Suppose u*g - 15*g = 921. Is g prime?
True
Let b(r) = 4 - r + 0*r + 7. Let m = -27 + 16. Is b(m) a composite number?
True
Suppose m = -0*m + 3. Let h = m - 3. Suppose h*j = -j + 161. Is j a prime number?
False
Let v(l) = -1152*l + 1. Is v(-3) a composite number?
False
Suppose -8*w + 2848 = -0*w. Suppose -w = 19*t - 23*t. Is t composite?
False
Let w be (-1240)/(-56) + (-2)/14. Let a = 31 - w. Is a a prime number?
False
S